ghest common divisor of 5529 and 522840670?
1843
Calculate the greatest common divisor of 78 and 8577647.
13
What is the highest common factor of 6429625 and 125?
125
What is the greatest common factor of 522 and 3849924?
174
What is the highest common factor of 6034 and 2276542?
862
What is the highest common divisor of 120504517 and 49?
7
What is the greatest common factor of 62033 and 897209?
1513
Calculate the greatest common divisor of 60930 and 8874.
18
Calculate the greatest common factor of 198033 and 32829.
1059
What is the greatest common divisor of 293123287 and 5254?
2627
What is the highest common divisor of 11882870 and 10?
10
Calculate the greatest common factor of 4290 and 64706070.
4290
Calculate the greatest common divisor of 21141042 and 598.
26
Calculate the highest common factor of 297571 and 3865727.
337
Calculate the greatest common divisor of 9867732 and 924.
84
Calculate the greatest common factor of 20059572 and 117.
39
What is the highest common divisor of 16945 and 206874727?
3389
Calculate the greatest common factor of 375 and 50109875.
125
What is the greatest common divisor of 19426 and 1258290?
22
What is the greatest common factor of 162936885 and 83?
83
Calculate the highest common factor of 20 and 15971950.
10
Calculate the highest common factor of 1794 and 286689.
39
What is the highest common divisor of 29542500 and 338?
26
Calculate the highest common divisor of 500 and 3723250.
250
Calculate the highest common divisor of 391994267 and 98.
49
What is the highest common factor of 236188 and 40004?
548
What is the highest common factor of 4083007 and 6112?
191
Calculate the highest common divisor of 6195 and 6612543.
1239
What is the greatest common divisor of 36777566 and 574?
14
What is the highest common divisor of 592353 and 1017288?
639
Calculate the greatest common divisor of 997 and 1445829460.
997
What is the greatest common factor of 40917495 and 41783?
5969
Calculate the greatest common divisor of 1446588 and 1144.
572
Calculate the greatest common divisor of 145805 and 415002.
241
What is the highest common divisor of 713128 and 1378?
26
What is the highest common factor of 16357 and 84695059?
1487
What is the highest common factor of 161 and 1529724?
7
What is the highest common factor of 6171 and 10835913?
363
What is the greatest common divisor of 2654 and 151121414?
2654
Calculate the highest common factor of 959854612 and 124.
124
Calculate the greatest common factor of 196 and 36999788.
28
Calculate the highest common divisor of 885633741 and 9.
9
What is the greatest common divisor of 71898705 and 289440?
9045
Calculate the greatest common divisor of 39 and 1575093.
39
What is the highest common factor of 994 and 112469112?
994
Calculate the greatest common divisor of 124832 and 37694.
94
What is the greatest common divisor of 15637950 and 190?
190
Calculate the highest common divisor of 389519601 and 12134.
6067
Calculate the highest common factor of 1148 and 294812.
28
Calculate the greatest common factor of 44658 and 799709.
827
What is the highest common factor of 11793024 and 20184?
696
What is the greatest common divisor of 33658542 and 2410?
482
What is the highest common divisor of 29237579 and 3679?
283
Calculate the highest common factor of 56 and 40286876.
28
What is the greatest common divisor of 3 and 3460308?
3
What is the highest common divisor of 149793 and 15285?
3057
What is the greatest common divisor of 8309 and 78673?
7
What is the highest common factor of 13346670 and 30?
30
What is the highest common divisor of 974 and 4738?
2
Calculate the highest common divisor of 296127808 and 31040.
6208
What is the greatest common factor of 204235356 and 260?
52
Calculate the highest common factor of 217 and 79586393.
31
Calculate the greatest common divisor of 184049 and 2700301.
2747
Calculate the greatest common factor of 8565139 and 99.
11
Calculate the highest common divisor of 13380869 and 172.
43
What is the greatest common factor of 8 and 3313789256?
8
Calculate the highest common divisor of 10959 and 9579009.
843
What is the greatest common factor of 15548 and 10902?
46
Calculate the highest common divisor of 307645 and 20371.
13
Calculate the greatest common divisor of 2822 and 51865538.
2822
Calculate the highest common factor of 292859597 and 4636.
1159
What is the highest common factor of 264 and 143924?
44
Calculate the highest common divisor of 76 and 95203224.
76
Calculate the greatest common divisor of 110710118 and 214.
214
What is the greatest common factor of 4669 and 4002000?
667
Calculate the highest common divisor of 7448 and 10877216.
392
What is the highest common factor of 42903 and 840354?
681
What is the greatest common divisor of 55 and 159850?
5
What is the highest common factor of 8 and 60297424?
8
What is the greatest common divisor of 2293566 and 5146?
62
What is the greatest common factor of 92323677 and 1476?
123
What is the highest common divisor of 751275 and 20776?
371
Calculate the greatest common divisor of 120 and 6480195.
15
Calculate the highest common divisor of 130 and 14162187.
13
Calculate the greatest common divisor of 42959 and 55216.
119
What is the highest common divisor of 702 and 13548704?
26
Calculate the highest common divisor of 755391 and 5265.
39
Calculate the greatest common factor of 92 and 96226.
2
Calculate the greatest common factor of 2220849 and 348.
87
What is the highest common factor of 100 and 142900?
100
What is the highest common divisor of 8472350 and 34800?
1450
What is the greatest common factor of 39518044 and 519?
173
What is the highest common factor of 76397743 and 1357?
1357
What is the greatest common factor of 81 and 757173987?
81
Calculate the greatest common factor of 3493027 and 3.
1
What is the greatest common factor of 2427230 and 1040?
130
What is the highest common divisor of 7013276 and 370?
74
What is the highest common factor of 3109 and 2360045009?
3109
Calculate the highest common factor of 5416840 and 11880.
440
Calculate the greatest common divisor of 620 and 107553260.
620
What is the highest common divisor of 29876 and 456764?
308
Calculate the greatest common divisor of 12215 and 13919865.
1745
Calculate the highest common factor of 70 and 168874755.
35
Calculate the highest common factor of 7523229 and 4221.
1407
Calculate the highest common factor of 678 and 37616.
2
Calculate the greatest common factor of 265 and 22907395.
265
What is the highest common factor of 170366659 and 7563?
2521
Calculate the greatest common divisor of 142000 and 89176.
568
Calculate the greatest common divisor of 31037286 and 70.
14
What is the highest common divisor of 2664 and 515880?
72
What is the highest common factor of 250 and 9286225?
25
Calculate the highest common divisor of 77318433 and 32085.
6417
Calculate the highest common factor of 1263275 and 1807.
13
What is the highest common divisor of 92963879 and 87?
29
Calculate the highest common factor of 1088 and 26722912.
544
What is the greatest common divisor of 185478 and 846?
6
What is the greatest common divisor of 8890 and 18672290?
70
What is the greatest common divisor of 277180399 and 1844?
461
Calculate the greatest common divisor of 6066 and 199854.
18
What is the greatest common divisor of 2705896 and 232?
8
Calculate the greatest common factor of 7889310 and 1560.
390
Calculate the highest common divisor of 199189842 and 5958.
1986
What is the greatest common divisor of 9367534 and 2367?
263
Calculate the greatest common factor of 1484 and 214361998.
106
What is the highest common divisor of 7346 and 11763?
1
What is the highest common factor of 724 and 5711274?
362
Calculate the highest common divisor of 381290756 and 4532.
4532
What is the highest common divisor of 598 and 822486210?
598
Calculate the highest common divisor of 395473 and 16965.
377
What is the greatest common factor of 88717624 and 213?
71
What is the highest common factor of 459241144 and 1016?
1016
What is the greatest common factor of 364491 and 279?
9
What is the highest common factor of 279 and 4476028?
31
Calculate the highest common factor of 91 and 14832727.
91
What is the greatest common factor of 9507 and 7279193?
3169
Calculate the highest common 